= -p + 153. Let m = o - a. What is the tens digit of m?
3
Let g = 1330 - -1657. What is the units digit of g?
7
Suppose -3*l - 19 = -22. What is the units digit of (-12 - -60)*l/3?
6
Suppose -8*z - 36 - 12 = 0. What is the tens digit of 2/z*(-1 + (-2 - 288))?
9
Let p be (4/10)/((-5)/1675). Let j = 64 + p. What is the tens digit of j/(-4)*(-144)/(-60)?
4
What is the tens digit of (-7310)/(-68)*12/15?
8
Suppose 20 - 98 = -x. Suppose 3*l + 6 = x. Suppose -2*o + 10 = -l. What is the tens digit of o?
1
Let h(y) = 10*y + 7. Let w = 11 + -5. What is the units digit of h(w)?
7
Let q(l) = -86*l + 12. What is the units digit of q(-1)?
8
Let j(i) = i**3 - 15*i**2 - 36*i - 56. What is the tens digit of j(21)?
3
Let v = 1344 - 744. Suppose 2*j = -j + v. Suppose -4*z - z = 0, -j = -5*a - 5*z. What is the units digit of a?
0
Suppose 5*p - 3*v = 13302, -8*p + 10*p - 5312 = -v. What is the hundreds digit of p?
6
Let w = 14 + 34. Suppose -v = -w - 21. Let l = v + -48. What is the units digit of l?
1
Let z = -1323 - -2520. What is the units digit of z?
7
Suppose -2*d + 5 + 19 = 0. Let x = 63 - d. What is the tens digit of x?
5
Suppose -a = 3*c + 8, 3*c - c = 5*a + 23. Suppose r + 3*r + 16 = 0. What is the tens digit of (210/40)/(c/r)?
2
Let d(i) = 2*i**2 - 2*i - 8. Suppose -4 - 13 = 5*f + 2*q, -5*f = -3*q + 37. What is the tens digit of d(f)?
5
Let a be 267/6*(-36)/(-6). Let l = -99 + a. What is the units digit of l?
8
Suppose 7*q - 3*q = -88. Let w = q - -31. Suppose -u + 1 = -w. What is the units digit of u?
0
Let f = 33 - 50. Let n = f + 20. Suppose -2*l - n*o = -l - 37, -3*l - 3*o + 111 = 0. What is the tens digit of l?
3
Let y = 149 + -142. Suppose -6*n + 985 = 4*d - y*n, -5*d + 1245 = -4*n. What is the units digit of d?
5
Let u(z) = z**3 - 4*z**2 - z + 3. Suppose s + 3 = 5. Let k be u(s). Let q(j) = j**3 + 9*j**2 + 8*j - 4. What is the units digit of q(k)?
8
Let s = 0 + 2. Suppose 3*v = -s*v. Suppose v = 2*a + 2*a - 64. What is the tens digit of a?
1
Let m(d) = 15*d**2 + 34*d - 19. What is the units digit of m(-6)?
7
Let l(u) = -519*u + 71. What is the tens digit of l(-8)?
2
Let w = 18 - 19. What is the tens digit of w/3*-87 - -4?
3
Let n(q) = 51*q**2 - 3 - 3*q**2 - q + 3. What is the units digit of n(1)?
7
Let b be (-6)/21 - (-12)/(-7). Let s = 7 - b. Suppose 4*m + s = 5*m. What is the units digit of m?
9
Suppose -316 - 60 = -4*w - 2*s, 0 = 2*w + 5*s - 188. Let v = w + -43. Let o = -28 + v. What is the tens digit of o?
2
Suppose -5*l - 11 = 4. Let t be -2 + 4 - 48 - l. Let i = t - -74. What is the units digit of i?
1
Suppose -3*l = 2*o - 13, 3*l = -o + 4 + 4. Suppose o*v - 71 - 324 = 0. What is the units digit of v?
9
Let a(w) = -5*w**2 + 4*w + 4*w**2 + 3 - 3*w. Let x be a(-5). What is the units digit of (52/(-6))/(18/x)?
3
Let j(k) = -k**3 + 11*k**2 - 13*k + 24. Suppose -5*b - 21 = -2*r, 4*r + b = -4*b + 27. What is the tens digit of j(r)?
1
What is the units digit of (-9)/6*(-44)/(-12)*-44?
2
Suppose 4*l + 4*p = 520, 2*p = 1 + 7. Suppose 45 = n - l. What is the units digit of n?
1
Suppose -19*i + 16209 = -10*i. What is the tens digit of i?
0
Suppose -5*n + 4*u = -479, 4*u = 3*n - 2*n - 83. What is the tens digit of n?
9
Let m = 276 - 155. Suppose 0 = -m*o + 119*o + 230. What is the tens digit of o?
1
Suppose -3*y + 0*y = 0. Let p = 3 - y. Suppose 0 = 4*u - 3*u + p*n - 11, 0 = 4*n. What is the units digit of u?
1
Let u(r) = -3*r + 52. Let h be u(15). Suppose -h*d - 684 = -13*d. What is the tens digit of d?
1
What is the tens digit of (-2480)/(-32)*14/5?
1
Suppose 5*t = -4*q + 16633, t + 3*q - 3327 = 2*q. What is the tens digit of t?
2
Let b(i) = -20*i - 1 + 3 - 5. Let f be b(-2). Let v = -7 + f. What is the tens digit of v?
3
Let r(a) = 19*a + 47. Let c = -37 + 47. What is the units digit of r(c)?
7
Suppose -3*d + 423*z = 418*z - 5351, 0 = -4*d + 3*z + 7120. What is the thousands digit of d?
1
Let c be 158/18 + 16/72. Let a = c - -6. Suppose -a - 13 = -4*g. What is the units digit of g?
7
Let d = 28 - 25. What is the units digit of 0/(-2) + d + 46?
9
Suppose -5*q + 60 = 180. Let r be (0 + -3)/(3/(-82)). Let t = r + q. What is the tens digit of t?
5
Let k = 1794 + 1526. What is the thousands digit of k?
3
Let d = 18 + -12. What is the units digit of 9 - d*(-1)/(-3)?
7
Let q = 1495 - 856. What is the tens digit of q?
3
Suppose 0 = -2*l - 3*p + 1, l + 2*p + 1 + 0 = 0. Suppose 2*m - 3*w = -m + 228, -3*m - l*w = -196. What is the units digit of m?
2
Let t be 9/4*((-10)/(-2) - 1). Suppose -5*k + 129 - t = 0. What is the units digit of k?
4
Let k = 3854 + -571. What is the thousands digit of k?
3
Let y = -98 - -144. What is the units digit of y?
6
Let i(x) = 820*x - 5. Let u be i(1). Suppose -2*v = 3*v - u. What is the tens digit of v?
6
Let q(r) = -7*r**2 + 7*r - 10. Let x(s) = -20*s**2 + 20*s - 29. Let j(u) = 17*q(u) - 6*x(u). What is the units digit of j(-4)?
4
Suppose 3*t + 3*z = 57, -4*z = -4*t - 3*z + 81. Let y = t - 16. What is the units digit of y?
4
Suppose 33231 + 40232 = 13*q. What is the thousands digit of q?
5
Suppose -3*m - 6*o + 24 = -9*o, 5*m - 8 = -3*o. Let q = 138 + -46. Suppose -2*r + 46 = 2*t, m*t = -0*r - r + q. What is the tens digit of t?
2
Let g be 115 + (3 - (-3 + 3)) + 2. Suppose 2*o - 4*o + g = 0. What is the tens digit of o?
6
Let r = 64 - 5. Let m = r - 31. Suppose 0*n + m = 4*n. What is the units digit of n?
7
Let i = -14 - -18. Suppose -2*v = -3*y + 2*y - 91, i*v = -2*y + 194. What is the units digit of v?
7
Let b be 3/(-1 + -2)*-3. Let s = -33 - -47. Let v = b + s. What is the tens digit of v?
1
Let d(z) = 10*z**3 + 3*z**2 + 3*z - 9. Let f be d(3). What is the tens digit of (-6)/(-8) - f/(-4)?
7
Let y be (2 + 3)/5 + (4 - 1). Suppose -4*o = -b - 19, 5*o + 2*b = b + 17. What is the units digit of (y/3)/(o/126)?
2
Let r = -6 + 34. Let f = -13 - r. Let j = 73 + f. What is the tens digit of j?
3
Let t = 1063 + 298. What is the hundreds digit of t?
3
Let k(s) = 5*s**3 + s**2 - 1. Let u be k(1). Suppose -4*q - u = -4*l - q, q + 20 = 5*l. Suppose -n = -l - 18. What is the units digit of n?
3
Let f = -14 + 24. Let x = 12 - f. What is the units digit of 28 - (2 + (-1 - x))?
9
Suppose 5*v + 8 = 2*p, p - 2*v + 0 = 6. Suppose -13*f + p*f = 0. Suppose 0*o = 2*z - 4*o - 58, f = -z - o + 38. What is the units digit of z?
5
Let b be -5 - (3/(-1) - 1). Let q be (19 - b)*(-2)/(-4). Suppose 10 = 5*i - q. What is the units digit of i?
4
Suppose -3*a - 213 = -0*a + 3*p, 0 = -3*a - 2*p - 217. Let m = 121 + a. What is the tens digit of m?
4
Suppose 14*z - 16*z = -574. What is the tens digit of z?
8
Let c be (40/(-28))/(1/(-7)). What is the units digit of c/(-4)*594/(-55)?
7
Let i be 40 + 0 + (10 - 10). Suppose 4*l + 3*o = 32, -5*l + i = 2*o - o. Let k(t) = -t**3 + 9*t**2 - 5*t - 5. What is the units digit of k(l)?
9
What is the units digit of (452/6)/((-4)/(-6))?
3
Let a(c) = c**3 + 12*c**2 + 10*c - 5. Let l be a(-11). Let f be (0 - -2)*9/l. Suppose -103 = -f*m + 44. What is the units digit of m?
9
What is the hundreds digit of ((-2)/6)/(4*(-2)/3048)?
1
Let z = 2618 + -1349. What is the units digit of z?
9
Let f(q) = -q**3 - 19*q**2 - q - 40. What is the units digit of f(-23)?
9
Suppose 0 = -6*n + 8*n + 624. Let y = -169 - n. What is the units digit of y?
3
Suppose 3*b - 5*b = 0. Suppose b = 3*i - 0 - 6. What is the units digit of i?
2
Suppose 0 = -b + 5*r + 24, -15 = 4*r + 5. Let y(p) = -p**3 - 8*p**2 - 5*p - 6. Let d be y(-8). What is the units digit of (-3 + b)/((-4)/d)?
4
Suppose -430 = -5*j - 5*g - 0*g, 2*j = -3*g + 177. Let c = j - 38. What is the tens digit of c?
4
Let q = 594 - 391. What is the hundreds digit of q?
2
Let f = 2 + 4. Suppose -5*n + f*n - 38 = 0. What is the units digit of n?
8
What is the thousands digit of (-46050)/(-21) - (-22)/154?
2
Suppose 3*a - 28 = -a. Let h(q) = 3 - q + 6 - 4 + a. What is the units digit of h(10)?
2
Let h(b) be the first derivative of b**2/2 - 9*b - 4. Let i(a) = -2*a + 10. Let v(n) = 5*h(n) + 4*i(n). What is the tens digit of v(-9)?
2
Suppose 2*y = 3*y + 5. Let k(c) = 4*c**3 - 8*c**2 + 3*c + 9. Let s(u) = -u**3 - 1. Let w(g) = y*s(g) - k(g). What is the tens digit of w(-8)?
2
Suppose -i - 2*i - 3 = 0. Let w be i/4 - (-63)/12. Suppose 0 = 2*p - 7 - w. What is the units digit of p?
6
Suppose u + 63 = 6